{"id":462,"date":"2008-04-30T23:34:22","date_gmt":"2008-04-30T22:34:22","guid":{"rendered":"http:\/\/www.motorkarizhabri.cz\/?page_id=462"},"modified":"2015-03-22T14:54:40","modified_gmt":"2015-03-22T13:54:40","slug":"carodejnice-2008","status":"publish","type":"page","link":"https:\/\/www.motorkarizhabri.cz\/?page_id=462","title":{"rendered":"\u010carod\u011bjnice 30.4.2008"},"content":{"rendered":"<p>Jak vesni\u010dt\u00ed dob\u0159e v\u00ed a m\u011bst\u0161t\u00ed bu\u010f nev\u00ed, nebo nez\u0159\u00edzen\u011b z\u00e1vid\u00ed, doch\u00e1z\u00ed posledn\u00ed dubnov\u00fd ve\u010der na vs\u00edch ke stav\u011bn\u00ed m\u00e1jky. To se m\u00e1 tak: Mu\u017ei ji\u017e zral\u00ed i ti je\u0161t\u011b nedod\u011blan\u00ed p\u00e1traj\u00ed v p\u0159ede\u0161l\u00fdch dnech v les\u00edch po tom nejkr\u00e1sn\u011bj\u0161\u00edm, nejvy\u0161\u0161\u00edm, nejrovn\u011bj\u0161\u00edm stromu, kter\u00fd m\u00e1 b\u00fdt pora\u017een, oloup\u00e1n, ozdoben a postaven na n\u00e1vsi. Mus\u00ed b\u00fdt t\u00e1\u00e1k n\u00e1dhern\u00fd, \u017ee obyvatel\u00e9 okoln\u00edch vs\u00ed budou cel\u00fd rok \u0159\u00edkat: ,,jo jo, v Hab\u0159\u00ed maj\u00ed zase nejkr\u00e1sn\u011bj\u0161\u00ed m\u00e1jku&#8220;.   A pak je strom nalezen, pora\u017een, chlapi ho hrd\u011b doprav\u00ed do vsi, oloupou a d\u011bv\u010data ozdob\u00ed. No, to by m\u011bly d\u011blat panny, ale najd\u011bte je, \u017ee?!  A pak si p\u00e1nov\u00e9 plivnou do dlan\u00ed, spole\u010dn\u00fdmi silami tu n\u00e1dheru vzty\u010d\u00ed, jdou si nato\u010dit zaslou\u017een\u00e9 pivo a spolu s ostatn\u00edmi sousedy spokojen\u011b a pochvaln\u011b pokyvuj\u00ed hlavami, kterak se jim zase m\u00e1jka povedla. <\/p>[Not a valid template]<p> A pak se za\u010dnou d\u00edt v\u011bci. Pro n\u00e1s \u010darod\u011bjnice je tenhle den nejkr\u00e1sn\u011bj\u0161\u00edm v roce. Ostatn\u00edch 364 dn\u00ed se mus\u00edme p\u0159evl\u00e9kat do masek za lidsk\u00e9 bytosti. Tenhle ne! Tenhle den je n\u00e1\u0161! Nemus\u00edme se maskovat do potupn\u00fdch p\u0159evlek\u016f a m\u016f\u017eeme mezi lidi tak jak opravdu vypad\u00e1me. A \u017ee si to dovedeme u\u017e\u00edt. Letos se k na\u0161emu rejd\u011bn\u00ed p\u0159idala i \u010darod\u011bjnick\u00e1 koza S\u00e1ra. Pol\u00e9t\u00e1v\u00e1me nad vs\u00ed, okolo na\u0161ich soused\u016f a nikdo n\u00e1s nezah\u00e1n\u00ed. D\u011bti se n\u00e1s neboj\u00ed, u\u017e v\u00ed, \u017ee a\u017e se vyblbneme, tak je zat\u00e1hneme mezi sebe, vymysl\u00edme pro n\u011b n\u011bjak\u00e9 sout\u011b\u017ee a pravd\u011bpodobn\u011b z n\u00e1s vydundaj\u00ed i n\u011bjak\u00e9 dobroty a d\u00e1re\u010dky. A tak se i stalo, d\u011bti malovaly, b\u011bhaly, p\u0159edh\u00e1n\u011bly se v obl\u00e9k\u00e1n\u00ed pono\u017eek, ba\u0161tily hady a my\u0161i na prov\u00e1zku, ochutn\u00e1valy \u010darod\u011bjnick\u00e9 lektvary a nakonec dostaly n\u011bjak\u00e9 ty drobnosti. Tma a zima n\u00e1m vyhnala d\u011bti sp\u00e1t a tak zb\u00fdvala posledn\u00ed sout\u011b\u017e. Ta je pravideln\u011b ur\u010dena p\u00e1n\u016fm. A ti tedy nespolupracuj\u00ed tak snadno jako d\u011bti. Tentokr\u00e1t je to ale bavilo, m\u011bli tak\u00e9 ochutn\u00e1v\u00e1n\u00ed lektvar\u016f, jen \u00fapln\u011b jin\u00fdch ne\u017e d\u011bti.<br \/>\nNo a tak to u n\u00e1s vypad\u00e1 v p\u0159edve\u010der prvn\u00edho m\u00e1je. R\u00e1no se zase obl\u00e9kneme do na\u0161ich lidsk\u00fdch masek a t\u011b\u0161\u00edme se na dal\u0161\u00ed m\u00e1jku. <\/p>[Not a valid template]<p>Bar\u010da<\/p>\n","protected":false},"excerpt":{"rendered":"<p>Jak vesni\u010dt\u00ed dob\u0159e v\u00ed a m\u011bst\u0161t\u00ed bu\u010f nev\u00ed, nebo nez\u0159\u00edzen\u011b z\u00e1vid\u00ed, doch\u00e1z\u00ed posledn\u00ed dubnov\u00fd ve\u010der na vs\u00edch ke stav\u011bn\u00ed m\u00e1jky. To se m\u00e1 tak: Mu\u017ei ji\u017e zral\u00ed i ti je\u0161t\u011b nedod\u011blan\u00ed p\u00e1traj\u00ed v p\u0159ede\u0161l\u00fdch dnech v les\u00edch po tom nejkr\u00e1sn\u011bj\u0161\u00edm, nejvy\u0161\u0161\u00edm, nejrovn\u011bj\u0161\u00edm stromu, kter\u00fd m\u00e1 b\u00fdt pora\u017een, oloup\u00e1n, ozdoben a postaven na n\u00e1vsi. Mus\u00ed b\u00fdt [&hellip;]<\/p>\n","protected":false},"author":2,"featured_media":0,"parent":402,"menu_order":1,"comment_status":"open","ping_status":"closed","template":"","meta":{"ngg_post_thumbnail":0},"aioseo_notices":[],"_links":{"self":[{"href":"https:\/\/www.motorkarizhabri.cz\/index.php?rest_route=\/wp\/v2\/pages\/462"}],"collection":[{"href":"https:\/\/www.motorkarizhabri.cz\/index.php?rest_route=\/wp\/v2\/pages"}],"about":[{"href":"https:\/\/www.motorkarizhabri.cz\/index.php?rest_route=\/wp\/v2\/types\/page"}],"author":[{"embeddable":true,"href":"https:\/\/www.motorkarizhabri.cz\/index.php?rest_route=\/wp\/v2\/users\/2"}],"replies":[{"embeddable":true,"href":"https:\/\/www.motorkarizhabri.cz\/index.php?rest_route=%2Fwp%2Fv2%2Fcomments&post=462"}],"version-history":[{"count":6,"href":"https:\/\/www.motorkarizhabri.cz\/index.php?rest_route=\/wp\/v2\/pages\/462\/revisions"}],"predecessor-version":[{"id":998,"href":"https:\/\/www.motorkarizhabri.cz\/index.php?rest_route=\/wp\/v2\/pages\/462\/revisions\/998"}],"up":[{"embeddable":true,"href":"https:\/\/www.motorkarizhabri.cz\/index.php?rest_route=\/wp\/v2\/pages\/402"}],"wp:attachment":[{"href":"https:\/\/www.motorkarizhabri.cz\/index.php?rest_route=%2Fwp%2Fv2%2Fmedia&parent=462"}],"curies":[{"name":"wp","href":"https:\/\/api.w.org\/{rel}","templated":true}]}}