{"id":455,"date":"2009-01-16T20:46:10","date_gmt":"2009-01-16T19:46:10","guid":{"rendered":"http:\/\/www.motorkarizhabri.cz\/?page_id=455"},"modified":"2015-03-22T14:53:52","modified_gmt":"2015-03-22T13:53:52","slug":"brusleni","status":"publish","type":"page","link":"https:\/\/www.motorkarizhabri.cz\/?page_id=455","title":{"rendered":"Bruslen\u00ed  01.2009"},"content":{"rendered":"<p>Zima je na houby, ned\u00e1 se jezdit \ud83d\ude41\u00a0 (tedy endur\u00e1\u0159i to netvrd\u00ed, ale ti nejsou norm\u00e1ln\u00ed).\u00a0\u00a0 A tak si mus\u00edme naj\u00edt na vyblbnut\u00ed n\u011bco jin\u00e9ho. Letos za\u010dal rok docela siln\u00fdmi mrazy a kr\u00e1sn\u011b zamrznut\u00fdm rybn\u00edkem. Tak\u017ee vym\u011bnit dv\u011b kola za dv\u011b brusle a \u0161up na led. Nakonec i na to je\u017ed\u011bn\u00ed do\u0161lo. Muf se zamra\u010den\u00fdm v\u00fdrazem sledoval, jak se mu st\u0159\u00edd\u00e1me v sedle jeho \u010dty\u0159kolky.<\/p>[Not a valid template]<p>A aby to nebylo jen o sportu, tak jsme uspo\u0159\u00e1dali lampi\u00f3nov\u00fd pr\u016fvod po Hab\u0159\u00ed, do\u0161li k Br\u010d\u00e1ln\u00edku za vs\u00ed a tam zav\u011bsili lampi\u00f3ny nad led. A pak p\u0159i\u0161lo to nejlep\u0161\u00ed. Ve\u010dern\u00ed bruslen\u00ed v oble\u010den\u00ed z prvn\u00ed poloviny minul\u00e9ho stolet\u00ed. A \u017ee se lidi dok\u00e1\u017eou vym\u00f3dit a vyblbnout \ud83d\ude42 . Siskinka si na tu ta\u0161ka\u0159ici po\u0159\u00eddila dokonce nov\u00fd klobouk s ovocem a na konci ve\u010dera m\u011bla u\u017e jen nov\u00fd klobouk se \u0161\u0165opkami od v\u00edna a slupkou z ban\u00e1nu.\u00a0 J\u00f3, zase jedna vyda\u0159en\u00e1 akce.<\/p>[Not a valid template]<p>Bar\u010da<\/p>\n<p>Leto\u0161n\u00ed zima n\u00e1m p\u0159\u00e1la a tak jsme mohli znovu vyrazit na bruslen\u00ed. Byl kr\u00e1sn\u00fd slune\u010dn\u00fd den &#8211; ned\u011ble 18.1. Muf op\u011bt \u0159\u00e1dil na \u010dty\u0159kolce a n\u011bkte\u0159\u00ed odv\u00e1\u017elivci se j\u00edm nechali tahat na lan\u011b na san\u00edch \u010di brusl\u00edch. Na brusl\u00edch jsme pak p\u0159ejeli p\u0159es rybn\u00edk 2x sem a tam, kluci se pokou\u0161eli baletit, pop\u00edjeli jsme sva\u0159\u00e1\u010dek a Baru\u0161ka n\u00e1hle tro\u0161ku ztratila balanc (nev\u00edm kolik m\u011bla sva\u0159\u00e1ku nebo jestli j\u00ed u\u017e tak moc bolely nohy) a z\u0159\u00edtila se k zemi spole\u010dn\u011b s L\u00e1\u010fou, div \u017ee ho nezlila v\u00ednem. Chytil n\u00e1s v\u0161echny asi p\u011btiminutov\u00fd z\u00e1chvat sm\u00edchu. Byl to fajn\u00fd den.<\/p>\n<p>Hanka<\/p>[Not a valid template]","protected":false},"excerpt":{"rendered":"<p>Zima je na houby, ned\u00e1 se jezdit \ud83d\ude41\u00a0 (tedy endur\u00e1\u0159i to netvrd\u00ed, ale ti nejsou norm\u00e1ln\u00ed).\u00a0\u00a0 A tak si mus\u00edme naj\u00edt na vyblbnut\u00ed n\u011bco jin\u00e9ho. Letos za\u010dal rok docela siln\u00fdmi mrazy a kr\u00e1sn\u011b zamrznut\u00fdm rybn\u00edkem. Tak\u017ee vym\u011bnit dv\u011b kola za dv\u011b brusle a \u0161up na led. Nakonec i na to je\u017ed\u011bn\u00ed do\u0161lo. Muf se zamra\u010den\u00fdm [&hellip;]<\/p>\n","protected":false},"author":2,"featured_media":0,"parent":402,"menu_order":4,"comment_status":"open","ping_status":"closed","template":"","meta":{"ngg_post_thumbnail":0},"aioseo_notices":[],"_links":{"self":[{"href":"https:\/\/www.motorkarizhabri.cz\/index.php?rest_route=\/wp\/v2\/pages\/455"}],"collection":[{"href":"https:\/\/www.motorkarizhabri.cz\/index.php?rest_route=\/wp\/v2\/pages"}],"about":[{"href":"https:\/\/www.motorkarizhabri.cz\/index.php?rest_route=\/wp\/v2\/types\/page"}],"author":[{"embeddable":true,"href":"https:\/\/www.motorkarizhabri.cz\/index.php?rest_route=\/wp\/v2\/users\/2"}],"replies":[{"embeddable":true,"href":"https:\/\/www.motorkarizhabri.cz\/index.php?rest_route=%2Fwp%2Fv2%2Fcomments&post=455"}],"version-history":[{"count":17,"href":"https:\/\/www.motorkarizhabri.cz\/index.php?rest_route=\/wp\/v2\/pages\/455\/revisions"}],"predecessor-version":[{"id":997,"href":"https:\/\/www.motorkarizhabri.cz\/index.php?rest_route=\/wp\/v2\/pages\/455\/revisions\/997"}],"up":[{"embeddable":true,"href":"https:\/\/www.motorkarizhabri.cz\/index.php?rest_route=\/wp\/v2\/pages\/402"}],"wp:attachment":[{"href":"https:\/\/www.motorkarizhabri.cz\/index.php?rest_route=%2Fwp%2Fv2%2Fmedia&parent=455"}],"curies":[{"name":"wp","href":"https:\/\/api.w.org\/{rel}","templated":true}]}}

Bruslení  01.2009

<p>Zima je na houby, nedá se jezdit 🙁  (tedy enduráři to netvrdí, ale ti nejsou normální).   A tak si musíme najít na vyblbnutí něco jiného. Letos začal rok docela silnými mrazy a krásně zamrznutým rybníkem. Takže vyměnit dvě kola za dvě brusle a šup na led. Nakonec i na to ježdění došlo. Muf se zamračeným výrazem sledoval, jak se mu střídáme v sedle jeho čtyřkolky.</p>[Not a valid template]<p>A aby to nebylo jen o sportu, tak jsme uspořádali lampiónový průvod po Habří, došli k Brčálníku za vsí a tam zavěsili lampióny nad led. A pak přišlo to nejlepší. Večerní bruslení v oblečení z první poloviny minulého století. A že se lidi dokážou vymódit a vyblbnout 🙂 . Siskinka si na tu taškařici pořídila dokonce nový klobouk s ovocem a na konci večera měla už jen nový klobouk se šťopkami od vína a slupkou z banánu.  Jó, zase jedna vydařená akce.</p>[Not a valid template]<p>Barča</p>
<p>Letošní zima nám přála a tak jsme mohli znovu vyrazit na bruslení. Byl krásný slunečný den &#8211; neděle 18.1. Muf opět řádil na čtyřkolce a někteří odvážlivci se jím nechali tahat na laně na saních či bruslích. Na bruslích jsme pak přejeli přes rybník 2x sem a tam, kluci se pokoušeli baletit, popíjeli jsme svařáček a Baruška náhle trošku ztratila balanc (nevím kolik měla svařáku nebo jestli jí už tak moc bolely nohy) a zřítila se k zemi společně s Láďou, div že ho nezlila vínem. Chytil nás všechny asi pětiminutový záchvat smíchu. Byl to fajný den.</p>
<p>Hanka</p>[Not a valid template]

<p>Zima je na houby, nedá se jezdit 🙁  (tedy enduráři to netvrdí, ale ti nejsou normální).   A tak si musíme najít na vyblbnutí něco jiného. Letos začal rok docela silnými mrazy a krásně zamrznutým rybníkem. Takže vyměnit dvě kola za dvě brusle a šup na led. Nakonec i na to ježdění došlo. Muf se zamračeným [&hellip;]</p>
