{"id":405,"date":"2008-12-24T20:02:51","date_gmt":"2008-12-24T19:02:51","guid":{"rendered":"http:\/\/www.motorkarizhabri.cz\/?page_id=405"},"modified":"2015-03-22T14:55:00","modified_gmt":"2015-03-22T13:55:00","slug":"vanocni-punc","status":"publish","type":"page","link":"https:\/\/www.motorkarizhabri.cz\/?page_id=405","title":{"rendered":"V\u00e1no\u010dn\u00ed pun\u010d 24.12.2008"},"content":{"rendered":"<p>\u017de se na \u0160t\u011bdr\u00fd den odpoledne ukl\u00edz\u00ed, sma\u017e\u00ed, va\u0159\u00ed, pe\u010de, bal\u00ed&#8230;&#8230;&#8230;&#8230;.<\/p>\n<p>N\u00e9 v Hab\u0159\u00ed! V Hab\u0159\u00ed ve t\u0159i hodiny opust\u00ed \u017eeny spor\u00e1ky, sundaj\u00ed z\u00e1st\u011bry a cel\u00e9 rodiny vyraz\u00ed na n\u00e1ves mezi sousedy.\u00a0 A tam je pro n\u011b p\u0159ipraven\u00fd pun\u010d. Letos 50 litru alko a\u00a0 nov\u011b i 30 litr\u016f nealkoholick\u00e9ho pro d\u011bti a \u0159idi\u010de\u00a0 A pak jen tak post\u00e1vaj\u00ed, pov\u00eddaj\u00ed, up\u00edjej\u00ed, lij\u00ed olovo, h\u0159ej\u00ed se u ohn\u011b a je jim tak n\u011bjak dob\u0159e.\u00a0 Z\u016fst\u00e1v\u00e1 rozum st\u00e1t, \u017ee se v Hab\u0159\u00ed, maj\u00edc\u00ed 90 obyvatel sejde 100 lid\u00ed. No ale je tomu tak. Prost\u011b u\u017e p\u0159ich\u00e1z\u00ed pokecat a pop\u0159\u00e1t si p\u011bkn\u00e9 V\u00e1noce i p\u0159espoln\u00ed.  A to je fajn. Tak zas za rok. J\u00f3 a Vesel\u00e9 V\u00e1noce \ud83d\ude42<\/p>\n<p>Bar\u010da<\/p>[Not a valid template]","protected":false},"excerpt":{"rendered":"<p>\u017de se na \u0160t\u011bdr\u00fd den odpoledne ukl\u00edz\u00ed, sma\u017e\u00ed, va\u0159\u00ed, pe\u010de, bal\u00ed&#8230;&#8230;&#8230;&#8230;. N\u00e9 v Hab\u0159\u00ed! V Hab\u0159\u00ed ve t\u0159i hodiny opust\u00ed \u017eeny spor\u00e1ky, sundaj\u00ed z\u00e1st\u011bry a cel\u00e9 rodiny vyraz\u00ed na n\u00e1ves mezi sousedy.\u00a0 A tam je pro n\u011b p\u0159ipraven\u00fd pun\u010d. Letos 50 litru alko a\u00a0 nov\u011b i 30 litr\u016f nealkoholick\u00e9ho pro d\u011bti a \u0159idi\u010de\u00a0 A pak [&hellip;]<\/p>\n","protected":false},"author":1,"featured_media":0,"parent":402,"menu_order":2,"comment_status":"open","ping_status":"closed","template":"","meta":{"ngg_post_thumbnail":0},"aioseo_notices":[],"_links":{"self":[{"href":"https:\/\/www.motorkarizhabri.cz\/index.php?rest_route=\/wp\/v2\/pages\/405"}],"collection":[{"href":"https:\/\/www.motorkarizhabri.cz\/index.php?rest_route=\/wp\/v2\/pages"}],"about":[{"href":"https:\/\/www.motorkarizhabri.cz\/index.php?rest_route=\/wp\/v2\/types\/page"}],"author":[{"embeddable":true,"href":"https:\/\/www.motorkarizhabri.cz\/index.php?rest_route=\/wp\/v2\/users\/1"}],"replies":[{"embeddable":true,"href":"https:\/\/www.motorkarizhabri.cz\/index.php?rest_route=%2Fwp%2Fv2%2Fcomments&post=405"}],"version-history":[{"count":10,"href":"https:\/\/www.motorkarizhabri.cz\/index.php?rest_route=\/wp\/v2\/pages\/405\/revisions"}],"predecessor-version":[{"id":1608,"href":"https:\/\/www.motorkarizhabri.cz\/index.php?rest_route=\/wp\/v2\/pages\/405\/revisions\/1608"}],"up":[{"embeddable":true,"href":"https:\/\/www.motorkarizhabri.cz\/index.php?rest_route=\/wp\/v2\/pages\/402"}],"wp:attachment":[{"href":"https:\/\/www.motorkarizhabri.cz\/index.php?rest_route=%2Fwp%2Fv2%2Fmedia&parent=405"}],"curies":[{"name":"wp","href":"https:\/\/api.w.org\/{rel}","templated":true}]}}