{"id":3,"date":"2008-09-17T13:57:30","date_gmt":"2008-09-17T12:57:30","guid":{"rendered":"http:\/\/www.motorkarizhabri.cz\/?page_id=3"},"modified":"2019-08-05T16:15:13","modified_gmt":"2019-08-05T15:15:13","slug":"motorkari-z-habri-neco-o-nas","status":"publish","type":"page","link":"https:\/\/www.motorkarizhabri.cz\/","title":{"rendered":"\u00davodn\u00ed str\u00e1nka &#8230;n\u011bco o n\u00e1s"},"content":{"rendered":"<pre><span style=\"font-family: verdana,geneva,sans-serif;\">O n\u00e1s se tady toho moc nedozv\u00edte, ale mo\u017en\u00e1 nakonec... n\u011bco asi jo.\r\n&nbsp;<\/span>\r\n<img decoding=\"async\" loading=\"lazy\" class=\"alignleft size-medium\" src=\"https:\/\/www.motorkarizhabri.cz\/fotky\/logo.jpg\" width=\"150\" height=\"85\"\/><\/pre>\n<pre><span style=\"font-family: verdana,geneva,sans-serif;\">Tyhle str\u00e1nky jsme vytvo\u0159ili nejen pro n\u00e1s, ale i pro v\u0161echny milovn\u00edky jedn\u00e9 stopy.\r\nPostupn\u011b zde budeme prezentovat na\u0161e akce, aby se i ostan\u00ed mohli s n\u00e1mi pod\u011blit\r\no z\u00e1\u017eitky, kter\u00e9 jsme pro\u017eili.\r\n&nbsp;\r\n<\/span><\/pre>\n<pre><a href=\"https:\/\/www.motorkarizhabri.cz\/fotky\/vizitky\/vyrez02.jpg\"><img decoding=\"async\" src=\"https:\/\/www.motorkarizhabri.cz\/fotky\/vizitky\/vyrez02th.jpg\" alt=\"\" border=\"0\"\/><\/a>\r\n\r\n<\/pre>\n<pre><img decoding=\"async\" loading=\"lazy\" src=\"https:\/\/www.motorkarizhabri.cz\/fotky\/ambasada.jpg\" alt=\"\" width=\"310\" height=\"204\"\/>\r\n\r\n<img decoding=\"async\" loading=\"lazy\" src=\"https:\/\/www.motorkarizhabri.cz\/fotky\/ambasvena.jpg\" alt=\"\" width=\"310\" height=\"204\"\/><\/pre>\n<pre><span style=\"font-family: verdana,geneva,sans-serif;\">\r\n&nbsp;\r\n&nbsp;&nbsp;\r\n\u0158eknu V\u00e1m jen, \u017ee Hab\u0159\u00ed je malou hezkou vesni\u010dkou 13 km z\u00e1padn\u011b od \u010cesk\u00fdch Bud\u011bjovic.\r\nDalo by se skoro \u0159\u00edci, \u017ee je to ospal\u00e1 d\u00edra. Ale p\u00e1r zvl\u00e1\u0161tnost\u00ed p\u0159eci jen m\u00e1. Ze zhruba\r\n90ti obyvatel je n\u00e1s 15 aktivn\u00edmi motork\u00e1\u0159i, co\u017e je v\u00edce jak 16% populace. Ob\u010das tam\r\njede i autobus. A taky nikdo ze vsi nevol\u00ed KS\u010c(M). A to se vyplat\u00ed!\r\n&nbsp;\r\n<\/span><\/pre>\n<pre><a href=\"http:\/\/maps.google.com\/maps?f=q&amp;source=s_q&amp;hl=cs&amp;geocode=&amp;q=Hab%C5%99%C3%AD,+%C4%8Desk%C3%A1+republika&amp;sll=37.0625,-95.677068&amp;sspn=32.80241,78.398437&amp;ie=UTF8&amp;ll=48.951366,14.334412&amp;spn=0.106191,0.306244&amp;z=12\"><span style=\"font-family: verdana,geneva,sans-serif;\">...Hab\u0159\u00ed na<\/span> <img decoding=\"async\" src=\"https:\/\/www.motorkarizhabri.cz\/fotky\/Rotating_earth.gif\" alt=\"\"\/> <\/a><span style=\"font-family: verdana,geneva,sans-serif;\"><span style=\"font-size: 14pt;\"><strong>\r\n&nbsp;\r\n&nbsp;\r\n<span style=\"font-size: 12pt;\">Tak tedy:\r\n\r\n<\/span><\/strong>\r\n<span style=\"font-size: 12pt; color: #999999;\"><strong>Bar\u010da<\/strong><\/span><\/span> - Bar\u010daXJR - Honda CBF 1000\r\n\r\n<span style=\"font-size: 12pt; color: #999999;\"><strong>Pepa<\/strong><\/span> - PEPAFJR - + Yamaha FJR 1300, ale u\u017e m\u00e1 novou, \u010dervenou + pln\u00e1 stodola :)\r\n\r\n<span style=\"font-size: 12pt; color: #999999;\"><strong>Ka\u010dka<\/strong> <\/span>- Te\u010f aktu\u00e1ln\u011b motorku nem\u00e1, ale m\u00e1 W\u00e9nu :)\r\n\r\n<span style=\"font-size: 12pt; color: #999999;\"><strong>Lucka<\/strong><\/span> - Luffa - ta je bez motky\r\n\r\n+ 9.9. 2009 -<span style=\"font-size: 12pt; color: #000000;\"> <strong>Franti\u0161ek<\/strong><\/span> ( 67 let ) - CBR 1000 F\r\n\r\n<span style=\"font-size: 12pt; color: #999999;\"><strong>Ros\u0165a <\/strong><\/span>- Muf - Honda CX 500, CX 650, Honda ST 1300 Pan-European - naked :) a dal\u0161\u00ed\r\n            n\u011bjak\u00fd nov\u00fd Hondy, kdo se v to m\u00e1 vyznat.\r\n\r\n<span style=\"font-size: 12pt; color: #999999;\"><strong>Honza<\/strong><\/span> - Siskin - M\u00e1 kr\u00e1sn\u00e9ho, nov\u00e9ho Triumph Tiger Explorer 1200 XCA. A v gar\u00e1\u017ei stoj\u00ed \r\n             po\u0159\u00e1d je\u0161t\u011b Aprilia ETV 1000 Caponord a Jawa 555\r\n\r\n<span style=\"font-size: 12pt; color: #999999;\"><strong>Hanka<\/strong><\/span> - Siskinka - Suzuki GSR 600\r\n\r\n<span style=\"font-size: 12pt; color: #999999;\"><strong>Kamil<\/strong><\/span> - Suzuki DR 650, tu u\u017e zase nem\u00e1, ale kdo to m\u00e1 po\u0159\u00e1d p\u0159episovat :)\r\n\r\n<span style=\"font-size: 12pt; color: #999999;\"><strong>Dan<\/strong><\/span> - Geoffrey - Aprilia ETV 1000 Caponord... u\u017e nen\u00ed. Te\u010f mu stoj\u00ed v gar\u00e1\u017ei nov\u00e1, \u010dern\u00e1\r\n          Kawasaki GTR 1400\r\n\r\n<span style=\"font-size: 12pt; color: #999999;\"><strong>L\u00e1\u010fa<\/strong><\/span> - Custom Harley Davidson Ultima 2100 cm3 (taky u\u017e je v p\u00e1nu...)\r\n\r\n+ 26.5.2010 - <span style=\"font-size: 12pt; color: #000000;\"><strong>Marek <\/strong><\/span>- Yamaha Virago 125\r\n\r\n<span style=\"font-size: 12pt; color: #999999;\"><strong>Martin<\/strong><\/span> - M\u00e1c\u00ed - Husqvarna TE 410. Taky u\u017e j\u00ed prodal...\r\n\r\n<span style=\"font-size: 12pt; color: #999999;\"><strong>Ser\u017ea <\/strong><\/span>- JanD\u0159\u00ed\u010d - Kawasaki ER6\r\n\r\n<span style=\"font-size: 12pt; color: #000000;\"><strong><span style=\"color: #999999;\">Petr<\/span> <\/strong><\/span>- Ficcus &amp; <span style=\"font-size: 12pt; color: #999999;\"><strong>Lenka<\/strong><\/span> - Ficcuska - ZRX 1100\r\n\r\n<span style=\"font-size: 12pt; color: #999999;\"><strong>Petr <\/strong><\/span>- Zboud - Suzuki Bandit 1200\r\n\r\n\r\nSer\u017ea a Ficcusov\u00e9 jsou u\u017e sp\u00ed\u0161 z odlou\u010den\u00e9 divize :-)\r\n\r\n&nbsp;&nbsp;\r\n&nbsp;\r\n<\/span><\/pre>\n<pre><span style=\"font-size: 12pt; font-family: verdana,geneva,sans-serif;\"><strong>\u010cestn\u00ed \u010dlenov\u00e9:<\/strong><\/span><\/pre>\n<pre><span style=\"font-family: verdana,geneva,sans-serif;\"><strong>\r\nAlex<\/strong> - BMW GS 1200\r\n&nbsp;\r\n<strong>Lesan<\/strong> - Kravi\u010dka zelen\u00e1 ( ZXR 750 )\r\n&nbsp;\r\n<strong>JaBa<\/strong> - \u010dekatel :), ale pr\u00fd u\u017e n\u011bco m\u00e1 ...J\u00f3, u\u017e p\u011bkn\u00fdch p\u00e1r let m\u00e1 XJRu a te\u010f si po\u0159\u00eddil je\u0161t\u011b \r\nKTM 450.\r\n&nbsp;\r\n<strong>Bull a Bullov\u00e1<\/strong> - Honda XRV 750 Africa Twin, Honda CRF 450 R, KTM 450 EXC, \u010cZ 150 C\r\nJawa 23 Mustang a nakonec ta se 4 kolama - Linhai Journeyman LC 310. Jak je to ale\r\ndoopravdy, b\u016fh v\u00ed...\r\n&nbsp;\r\n<strong>Horne\u0165\u00e1k<\/strong> - tu, co si pamatuju, rozbil, a tu novou si zase nepamatuju :)..... \r\nPepa mu ji zase slepil, tak\u017ee m\u00e1 Hondu CBR 1000\r\n&nbsp;\r\n<strong>Cccenda a Cccendov\u00e1<\/strong> - Honda Hornet 600\r\n&nbsp;\r\n<strong>Richard<\/strong> - on m\u00e1 koc\u00e1bku n\u00e1ram, n\u00e1ram ... ( a motorku oran\u017eovou)\r\n&nbsp;\r\n<strong>W\u00e9na<\/strong> - Yamaha MT-01 a kr\u00e1sn\u00fd vykun\u011bn\u00fd prase. MT\u010dko \u0161lo bohu\u017eel do sv\u011bta. Zase ale maj\u00ed\r\nnovou st\u0159echu :)\r\n&nbsp;\r\n&nbsp;&nbsp;\r\n&nbsp;\r\nDouf\u00e1m, \u017ee i v\u00e1s bude trochu bude inspirovat na\u0161e kamar\u00e1dstv\u00ed a l\u00e1ska k motork\u00e1m.\r\n&nbsp;\r\n<\/span><\/pre>\n","protected":false},"excerpt":{"rendered":"<p>O n\u00e1s se tady toho moc nedozv\u00edte, ale mo\u017en\u00e1 nakonec&#8230; n\u011bco asi jo. &nbsp; Tyhle str\u00e1nky jsme vytvo\u0159ili nejen pro n\u00e1s, ale i pro v\u0161echny milovn\u00edky jedn\u00e9 stopy. Postupn\u011b zde budeme prezentovat na\u0161e akce, aby se i ostan\u00ed mohli s n\u00e1mi pod\u011blit o z\u00e1\u017eitky, kter\u00e9 jsme pro\u017eili. &nbsp; &nbsp; &nbsp;&nbsp; \u0158eknu V\u00e1m jen, \u017ee Hab\u0159\u00ed [&hellip;]<\/p>\n","protected":false},"author":1,"featured_media":0,"parent":0,"menu_order":1,"comment_status":"open","ping_status":"closed","template":"","meta":{"ngg_post_thumbnail":0},"aioseo_notices":[],"_links":{"self":[{"href":"https:\/\/www.motorkarizhabri.cz\/index.php?rest_route=\/wp\/v2\/pages\/3"}],"collection":[{"href":"https:\/\/www.motorkarizhabri.cz\/index.php?rest_route=\/wp\/v2\/pages"}],"about":[{"href":"https:\/\/www.motorkarizhabri.cz\/index.php?rest_route=\/wp\/v2\/types\/page"}],"author":[{"embeddable":true,"href":"https:\/\/www.motorkarizhabri.cz\/index.php?rest_route=\/wp\/v2\/users\/1"}],"replies":[{"embeddable":true,"href":"https:\/\/www.motorkarizhabri.cz\/index.php?rest_route=%2Fwp%2Fv2%2Fcomments&post=3"}],"version-history":[{"count":177,"href":"https:\/\/www.motorkarizhabri.cz\/index.php?rest_route=\/wp\/v2\/pages\/3\/revisions"}],"predecessor-version":[{"id":8598,"href":"https:\/\/www.motorkarizhabri.cz\/index.php?rest_route=\/wp\/v2\/pages\/3\/revisions\/8598"}],"wp:attachment":[{"href":"https:\/\/www.motorkarizhabri.cz\/index.php?rest_route=%2Fwp%2Fv2%2Fmedia&parent=3"}],"curies":[{"name":"wp","href":"https:\/\/api.w.org\/{rel}","templated":true}]}}

Úvodní stránka &#8230;něco o nás

<pre><span style="font-family: verdana,geneva,sans-serif;">O nás se tady toho moc nedozvíte, ale možná nakonec... něco asi jo.
&nbsp;</span>
<img decoding="async" loading="lazy" class="alignleft size-medium" src="https://www.motorkarizhabri.cz/fotky/logo.jpg" width="150" height="85"/></pre>
<pre><span style="font-family: verdana,geneva,sans-serif;">Tyhle stránky jsme vytvořili nejen pro nás, ale i pro všechny milovníky jedné stopy.
Postupně zde budeme prezentovat naše akce, aby se i ostaní mohli s námi podělit
o zážitky, které jsme prožili.
&nbsp;
</span></pre>
<pre><a href="https://www.motorkarizhabri.cz/fotky/vizitky/vyrez02.jpg"><img decoding="async" src="https://www.motorkarizhabri.cz/fotky/vizitky/vyrez02th.jpg" alt="" border="0"/></a>

</pre>
<pre><img decoding="async" loading="lazy" src="https://www.motorkarizhabri.cz/fotky/ambasada.jpg" alt="" width="310" height="204"/>

<img decoding="async" loading="lazy" src="https://www.motorkarizhabri.cz/fotky/ambasvena.jpg" alt="" width="310" height="204"/></pre>
<pre><span style="font-family: verdana,geneva,sans-serif;">
&nbsp;
&nbsp;&nbsp;
Řeknu Vám jen, že Habří je malou hezkou vesničkou 13 km západně od Českých Budějovic.
Dalo by se skoro říci, že je to ospalá díra. Ale pár zvláštností přeci jen má. Ze zhruba
90ti obyvatel je nás 15 aktivními motorkáři, což je více jak 16% populace. Občas tam
jede i autobus. A taky nikdo ze vsi nevolí KSČ(M). A to se vyplatí!
&nbsp;
</span></pre>
<pre><a href="http://maps.google.com/maps?f=q&amp;source=s_q&amp;hl=cs&amp;geocode=&amp;q=Hab%C5%99%C3%AD,+%C4%8Desk%C3%A1+republika&amp;sll=37.0625,-95.677068&amp;sspn=32.80241,78.398437&amp;ie=UTF8&amp;ll=48.951366,14.334412&amp;spn=0.106191,0.306244&amp;z=12"><span style="font-family: verdana,geneva,sans-serif;">...Habří na</span> <img decoding="async" src="https://www.motorkarizhabri.cz/fotky/Rotating_earth.gif" alt=""/> </a><span style="font-family: verdana,geneva,sans-serif;"><span style="font-size: 14pt;"><strong>
&nbsp;
&nbsp;
<span style="font-size: 12pt;">Tak tedy:

</span></strong>
<span style="font-size: 12pt; color: #999999;"><strong>Barča</strong></span></span> - BarčaXJR - Honda CBF 1000

<span style="font-size: 12pt; color: #999999;"><strong>Pepa</strong></span> - PEPAFJR - + Yamaha FJR 1300, ale už má novou, červenou + plná stodola :)

<span style="font-size: 12pt; color: #999999;"><strong>Kačka</strong> </span>- Teď aktuálně motorku nemá, ale má Wénu :)

<span style="font-size: 12pt; color: #999999;"><strong>Lucka</strong></span> - Luffa - ta je bez motky

+ 9.9. 2009 -<span style="font-size: 12pt; color: #000000;"> <strong>František</strong></span> ( 67 let ) - CBR 1000 F

<span style="font-size: 12pt; color: #999999;"><strong>Rosťa </strong></span>- Muf - Honda CX 500, CX 650, Honda ST 1300 Pan-European - naked :) a další
            nějaký nový Hondy, kdo se v to má vyznat.

<span style="font-size: 12pt; color: #999999;"><strong>Honza</strong></span> - Siskin - Má krásného, nového Triumph Tiger Explorer 1200 XCA. A v garáži stojí 
             pořád ještě Aprilia ETV 1000 Caponord a Jawa 555

<span style="font-size: 12pt; color: #999999;"><strong>Hanka</strong></span> - Siskinka - Suzuki GSR 600

<span style="font-size: 12pt; color: #999999;"><strong>Kamil</strong></span> - Suzuki DR 650, tu už zase nemá, ale kdo to má pořád přepisovat :)

<span style="font-size: 12pt; color: #999999;"><strong>Dan</strong></span> - Geoffrey - Aprilia ETV 1000 Caponord... už není. Teď mu stojí v garáži nová, černá
          Kawasaki GTR 1400

<span style="font-size: 12pt; color: #999999;"><strong>Láďa</strong></span> - Custom Harley Davidson Ultima 2100 cm3 (taky už je v pánu...)

+ 26.5.2010 - <span style="font-size: 12pt; color: #000000;"><strong>Marek </strong></span>- Yamaha Virago 125

<span style="font-size: 12pt; color: #999999;"><strong>Martin</strong></span> - Mácí - Husqvarna TE 410. Taky už jí prodal...

<span style="font-size: 12pt; color: #999999;"><strong>Serža </strong></span>- JanDříč - Kawasaki ER6

<span style="font-size: 12pt; color: #000000;"><strong><span style="color: #999999;">Petr</span> </strong></span>- Ficcus &amp; <span style="font-size: 12pt; color: #999999;"><strong>Lenka</strong></span> - Ficcuska - ZRX 1100

<span style="font-size: 12pt; color: #999999;"><strong>Petr </strong></span>- Zboud - Suzuki Bandit 1200


Serža a Ficcusové jsou už spíš z odloučené divize :-)

&nbsp;&nbsp;
&nbsp;
</span></pre>
<pre><span style="font-size: 12pt; font-family: verdana,geneva,sans-serif;"><strong>Čestní členové:</strong></span></pre>
<pre><span style="font-family: verdana,geneva,sans-serif;"><strong>
Alex</strong> - BMW GS 1200
&nbsp;
<strong>Lesan</strong> - Kravička zelená ( ZXR 750 )
&nbsp;
<strong>JaBa</strong> - čekatel :), ale prý už něco má ...Jó, už pěkných pár let má XJRu a teď si pořídil ještě 
KTM 450.
&nbsp;
<strong>Bull a Bullová</strong> - Honda XRV 750 Africa Twin, Honda CRF 450 R, KTM 450 EXC, ČZ 150 C
Jawa 23 Mustang a nakonec ta se 4 kolama - Linhai Journeyman LC 310. Jak je to ale
doopravdy, bůh ví...
&nbsp;
<strong>Horneťák</strong> - tu, co si pamatuju, rozbil, a tu novou si zase nepamatuju :)..... 
Pepa mu ji zase slepil, takže má Hondu CBR 1000
&nbsp;
<strong>Cccenda a Cccendová</strong> - Honda Hornet 600
&nbsp;
<strong>Richard</strong> - on má kocábku náram, náram ... ( a motorku oranžovou)
&nbsp;
<strong>Wéna</strong> - Yamaha MT-01 a krásný vykuněný prase. MTčko šlo bohužel do světa. Zase ale mají
novou střechu :)
&nbsp;
&nbsp;&nbsp;
&nbsp;
Doufám, že i vás bude trochu bude inspirovat naše kamarádství a láska k motorkám.
&nbsp;
</span></pre>

<p>O nás se tady toho moc nedozvíte, ale možná nakonec&#8230; něco asi jo. &nbsp; Tyhle stránky jsme vytvořili nejen pro nás, ale i pro všechny milovníky jedné stopy. Postupně zde budeme prezentovat naše akce, aby se i ostaní mohli s námi podělit o zážitky, které jsme prožili. &nbsp; &nbsp; &nbsp;&nbsp; Řeknu Vám jen, že Habří [&hellip;]</p>
