{"id":1139,"date":"2010-09-01T18:48:47","date_gmt":"2010-09-01T17:48:47","guid":{"rendered":"http:\/\/www.motorkarizhabri.cz\/?page_id=1139"},"modified":"2015-03-22T14:48:44","modified_gmt":"2015-03-22T13:48:44","slug":"at-zije-lenicka-08-2010","status":"publish","type":"page","link":"https:\/\/www.motorkarizhabri.cz\/?page_id=1139","title":{"rendered":"A\u0165 \u017eije Leni\u010dka!!!! 08.2010"},"content":{"rendered":"<p>,,Soudruzi a soudru\u017eky,<\/p>\n<p>\tv na&scaron;em bl&iacute;zk&eacute;m okol&iacute; se op\u011bt narodila nov&aacute;, mal&aacute; soudru\u017eka a je t\u0159eba ji \u0159&aacute;dn\u011b uv&eacute;st do \u017eivota,,. <br \/>\n\tTakhle n\u011bjak by mohlo za\u010d&iacute;t svol&aacute;n&iacute; na na&scaron;i dal&scaron;&iacute; akci. <br \/>\n\t&nbsp;Martin\u011b a Michalovi se narodila mal&aacute; Leni\u010dka. &Scaron;\u0165astn&iacute; rodi\u010dov&eacute; se rozhodli tuto n&aacute;ramnou ud&aacute;lost oslavit a zap&iacute;t 21.8. <br \/>\n\t&nbsp;A mo\u017en&aacute;, krom\u011b jin&eacute;ho, n&aacute;m pr&aacute;v\u011b toto datum vnuklo n&aacute;pad, kudy na oslavu. Martina se do\u017eadovala sudi\u010dek, ale tro&scaron;ku jsme ji rozhodili tvrzen&iacute;m, \u017ee nic nebude, \u017ee se n&aacute;m do ni\u010deho nechce, \u017ee jsme leniv&iacute;, \u017ee si s nimi r&aacute;di p\u0159ipijeme a poj&iacute;me ob\u010derstven&iacute; z jejich chl&iacute;vku a rybn&iacute;ku, ale \u017ee se do \u017e&aacute;dn&eacute; v\u011bt&scaron;&iacute; akce nepust&iacute;me. Nev&iacute;m, zda n&aacute;m uv\u011b\u0159ila, ale tv&aacute;\u0159ila se smutn\u011b. <br \/>\n\t&nbsp;V t&eacute; dob\u011b u\u017e ale samoz\u0159ejm\u011b l&iacute;taly mezi n&aacute;mi maily s pl&aacute;ny co a jak.<\/p>\n<p>\tA co a jak?<\/p>\n<p>\tNo prost\u011b:<\/p>\n<p>\tSoudru\u017eky, obl&eacute;kneme se do sv&yacute;ch star&yacute;ch pion&yacute;rsk&yacute;ch kroj\u016f (blbost, do t\u011bch se nevejdeme, mus&iacute;me si po\u0159&iacute;dit n\u011bjak&eacute; nov&eacute;), po\u0159&iacute;d&iacute;me dobov&yacute; ko\u010d&aacute;rek a do n\u011bj naskl&aacute;d&aacute;me d&aacute;rky, kter&eacute; se Leni\u010dce do \u017eivota rozhodn\u011b hod&iacute;. T\u0159eba srp a kladivo p\u0159ev&aacute;zan&eacute; \u010dervenou stuhou, \u010di snop obil&iacute;, CD s proslaven&yacute;m proslovem Milou&scaron;e Jake&scaron;e, kojeneckou lahev s v&yacute;sti\u017en&yacute;m n&aacute;pisem: v&oacute;dka dlja L&eacute;no\u010dku. Do ko&scaron;&iacute;ku pod ko\u010d&aacute;rkem posad&iacute;me sab&aacute;ku, maj&iacute;c&iacute;ho na hrudi hrd\u011b p\u0159i&scaron;pendlenou&nbsp; medaili ,,Za z&aacute;sluhy p\u0159i budov&aacute;n&iacute; socialistick&eacute; vlasti&ldquo; . <br \/>\n\t&nbsp;A&nbsp; aby z toho m\u011bla n\u011bco i mal&aacute; Leni\u010dka, p\u0159ihod&iacute;me i n\u011bjak&eacute; smyslupln&eacute; d&aacute;rky. T\u0159eba vkladn&iacute; kn&iacute;\u017eku, p\u0159i jej&iacute;m\u017e pln\u011bn&iacute; se &uacute;\u010dastnilo skoro cel&eacute; Hab\u0159&iacute;. <br \/>\n\t&nbsp;<br \/>\n\tStalo se. Onoho jednadvac&aacute;t&eacute;ho t&eacute;m\u011b\u0159 ve&scaron;ker&eacute; habersk&eacute; obyvatelstvo sed\u011blo p\u0159ed hospodou jakoby nic. Novorodi\u010dov&eacute; n&aacute;m p\u0159edhodili n\u011bjakou tu pochutinu a \u010dekali, co bude. A ono nic. <br \/>\n\t&nbsp;Postupn\u011b jsme se p\u0159eci jen za\u010daly vytr&aacute;cet, abychom ze sebe ud\u011blaly uv\u011bdom\u011bl&eacute; gratulantky. Na&scaron;e z&aacute;padn\u011b vypadaj&iacute;c&iacute; d\u017e&iacute;ny (made in ???) , jsme vym\u011bnily za tesilov&eacute; suk&yacute;nky. Tri\u010dka s potisky, jist\u011b pobu\u0159uj&iacute;c&iacute;ch, n&aacute;pis\u016f v ciz&iacute; \u0159e\u010di jsme &scaron;t&iacute;tiv\u011b odhodily a pot\u011b&scaron;en\u011b, s notnou d&aacute;vkou nostalgie, jsme se obl&eacute;kly do sv\u011btle modr&yacute;ch ko&scaron;il. Se z&aacute;sobou ko&scaron;il velmi p\u0159ekvapila Jitka. M&aacute; doma plnou sk\u0159&iacute;\u0148. Bu\u010f byla ve sv&eacute; dob\u011b velmi uv\u011bdom\u011bl&aacute; a d\u011blala si z&aacute;sobu na dlouh&eacute; roky dop\u0159edu, \u010di se z&aacute;sobuje je&scaron;t\u011b te\u010f v o\u010dek&aacute;v&aacute;n&iacute; \u010das\u016f p\u0159&iacute;&scaron;t&iacute;ch. <br \/>\n\t&nbsp;Pro zkr&aacute;&scaron;len&iacute; jsme pou\u017eily \u010derven&eacute; stuhy na cul&iacute;ky a hlavn\u011b HLAVN\u011a! pion&yacute;rsk&yacute; &scaron;&aacute;tek. Trochu n&aacute;s zamrzelo, \u017ee ve&scaron;ker&eacute; p\u0159&iacute;pravy n&aacute;m nezaru\u010dily velmi mladistv&yacute; vzhled. Dopomohly jsme mu sem tam namalovanou pihou a mohly jsme, s nohami m&iacute;rn\u011b zarostl&yacute;mi (u\u017e p&aacute;r dn&iacute; jsme si je neholily. To by n&aacute;m prav&eacute; kovan&eacute; soudru\u017eky daly, kdybychom vyrukovaly s takovou odpornou zh&yacute;ralost&iacute;, jako jsou oholen&eacute; nohy!) vyrazit. Je&scaron;t\u011b jsme si p\u0159ivolaly p&aacute;r jedinc\u016f na utvo\u0159en&iacute; t&eacute; spr&aacute;vn&eacute; atmosf&eacute;ry lampi&oacute;nov&yacute;m pr\u016fvodem. <\/p>\n<p>\t&nbsp;A pak se to na n\u011b vyvalilo. Na koho? No na Martinu, Michala, Leni\u010dku a spousty slav&iacute;c&iacute;ch host\u016f. Co? Z vr&aacute;tek Puffer\u016f se vyvalil, za t&oacute;n\u016f Internacion&aacute;ly, lampi&oacute;nov&yacute; pr\u016fvod a za n&iacute;m dvan&aacute;ct urostl&yacute;ch (vlastn\u011b deset urostl&yacute;ch a dv\u011b je&scaron;t\u011b neurostl&eacute;) pion&yacute;rek. <br \/>\n\t&nbsp;Prav&yacute; prvom&aacute;jov&yacute; pr\u016fvod z dob d&aacute;vno minul&yacute;ch by n&aacute;m z&aacute;vid\u011bl. Lampi&oacute;ny, bal&oacute;nky, m&aacute;v&aacute;tka a hlavn\u011b tu srde\u010dnost a opravdovost p\u0159i vyvol&aacute;v&aacute;n&iacute; dobov&yacute;ch hesel! <br \/>\n\t&nbsp;Za vzr\u016fstaj&iacute;c&iacute;ho &uacute;\u017easu v o\u010d&iacute;ch lid&iacute;, kter&eacute; jsme hlavn\u011b cht\u011bly pot\u011b&scaron;it se \u0159ad&iacute;me do n&aacute;stupu a vybalujeme na n\u011b pion&yacute;rsk&yacute; slib. Tedy m&iacute;rn\u011b upraven&yacute;, jako slib ,, Leni\u010dkovsk&yacute;&ldquo;<br \/>\n\t<strong><br \/>\n\tSlibujeme p\u0159ed Tv&yacute;mi rodi\u010di a &scaron;irokou haberskou obc&iacute;, \u017ee T\u011b budeme u\u010dit a dohl&iacute;\u017eet na to, aby z Tebe vyrostl dobr&yacute; ob\u010dan milovan&eacute; vlasti a obce, <br \/>\n\tze kter&eacute; jsi vze&scaron;la, \u010d&iacute;m\u017e snad p\u0159isp\u011bjeme k tomu, \u017ee za p&aacute;r let <br \/>\n\tbude&scaron; sv&yacute;m jedn&aacute;n&iacute;m chr&aacute;nit \u010dest na&scaron;i i \u010dest obc&iacute; Z&aacute;bo\u0159&iacute; a Hab\u0159&iacute;.<br \/>\n\tDo tv&eacute;ho \u017eivota t\u0159ikr&aacute;t zdar ZDAR ZDAR!!!<br \/>\n\tA ku prosp\u011bchu Tv&eacute;mu Ti p\u0159ed&aacute;v&aacute;me dary pot\u0159ebn&eacute; pro zd&aacute;rn&yacute; \u017eivot spr&aacute;vn&eacute; ob\u010danky. <br \/>\n\tV\u011b\u0159&iacute;me, \u017ee jimi pot\u011b&scaron;&iacute;me i Tv&eacute;ho tat&iacute;nka<\/strong><\/p>\n<p><strong>[Not a valid template]<br \/>\n\t<\/strong><\/p>\n<p>\tB\u011bhem \u010dten&iacute; slibu (nazpam\u011b\u0165 jsem ho nedala) si uv\u011bdomuji, \u017ee Al\u010da vedle mne nic ne\u0159&iacute;k&aacute;, jen se sm\u011bje. M&aacute;m co d\u011blat to ust&aacute;t a nesm&aacute;t se taky. <br \/>\n\t&nbsp;A pak u\u017e nen&iacute; co \u0159&iacute;kat, co d\u011blat, jen je \u010das p\u0159edat Leni\u010dce, v zastoupen&iacute; jej&iacute; maminky, ko\u010d&aacute;rek pln&yacute; d&aacute;rk\u016f. A Martina rozbaluje a u v&scaron;eho d\u011bl&aacute;: ,,j\u016f! j&eacute;! hur&aacute;!&ldquo; N\u011bkter&yacute;m lidem je radost d&aacute;t cokoliv. Martina je ten tip, kter&yacute; se rozz&aacute;\u0159&iacute; a zam&aacute;\u010dkne slzu dojet&iacute; i p\u0159i darovan&yacute;ch fusekl&iacute;ch. &nbsp;<\/p>\n<p>\tNo a to je v&scaron;e. Tedy skoro v&scaron;e. N&aacute;sledovalo serv&iacute;rov&aacute;n&iacute; vynikaj&iacute;c&iacute;ch ryb. Grilovat novope\u010den&yacute; otec um&iacute;, je&scaron;t\u011b aby mu &scaron;lo va\u0159en&iacute; ka&scaron;i\u010dek. D\u011bt&iacute; se na akci se&scaron;lo dost a tak bylo o z&aacute;bavu postar&aacute;no. A te\u010f u\u017e je to tedy v&scaron;e. Jen d&aacute;t dohromady fotky.<br \/>\n\t&nbsp;Hlavn&iacute; fotograf Dan je dodal t&eacute;m\u011b\u0159 vz&aacute;p\u011bt&iacute;. A kdyby to pro n\u011bj neznamenalo pr\u016f&scaron;vih v podob\u011b rozbit&eacute;ho fo\u0165&aacute;ku, napsala bych, \u017ee byly velmi p\u011bkn\u011b upraven&eacute;. Cel&eacute; do r\u016f\u017eova. Jen na sytou oblohu dopsat ,,A\u0164 \u017dIJE KS\u010c! BUDUJ VLAST, POS&Iacute;L&Iacute;&Scaron; M&Iacute;R!&ldquo; <\/p>\n<p>\tTak to jsem tedy zv\u011bdav&aacute;, jestli po tomhle vystoupen&iacute; budou cht&iacute;t mlad&iacute; rodi\u010de pro sv&eacute; novorozence n\u011bjakou akci od habersk&yacute;ch bab \ud83d\ude42 .<br \/>\n\t&nbsp;<\/p>\n","protected":false},"excerpt":{"rendered":"<p>,,Soudruzi a soudru\u017eky, v na&scaron;em bl&iacute;zk&eacute;m okol&iacute; se op\u011bt narodila nov&aacute;, mal&aacute; soudru\u017eka a je t\u0159eba ji \u0159&aacute;dn\u011b uv&eacute;st do \u017eivota,,. Takhle n\u011bjak by mohlo za\u010d&iacute;t svol&aacute;n&iacute; na na&scaron;i dal&scaron;&iacute; akci. &nbsp;Martin\u011b a Michalovi se narodila mal&aacute; Leni\u010dka. &Scaron;\u0165astn&iacute; rodi\u010dov&eacute; se rozhodli tuto n&aacute;ramnou ud&aacute;lost oslavit a zap&iacute;t 21.8. &nbsp;A mo\u017en&aacute;, krom\u011b jin&eacute;ho, n&aacute;m pr&aacute;v\u011b [&hellip;]<\/p>\n","protected":false},"author":2,"featured_media":0,"parent":402,"menu_order":16,"comment_status":"open","ping_status":"closed","template":"","meta":{"ngg_post_thumbnail":0},"aioseo_notices":[],"_links":{"self":[{"href":"https:\/\/www.motorkarizhabri.cz\/index.php?rest_route=\/wp\/v2\/pages\/1139"}],"collection":[{"href":"https:\/\/www.motorkarizhabri.cz\/index.php?rest_route=\/wp\/v2\/pages"}],"about":[{"href":"https:\/\/www.motorkarizhabri.cz\/index.php?rest_route=\/wp\/v2\/types\/page"}],"author":[{"embeddable":true,"href":"https:\/\/www.motorkarizhabri.cz\/index.php?rest_route=\/wp\/v2\/users\/2"}],"replies":[{"embeddable":true,"href":"https:\/\/www.motorkarizhabri.cz\/index.php?rest_route=%2Fwp%2Fv2%2Fcomments&post=1139"}],"version-history":[{"count":3,"href":"https:\/\/www.motorkarizhabri.cz\/index.php?rest_route=\/wp\/v2\/pages\/1139\/revisions"}],"predecessor-version":[{"id":1604,"href":"https:\/\/www.motorkarizhabri.cz\/index.php?rest_route=\/wp\/v2\/pages\/1139\/revisions\/1604"}],"up":[{"embeddable":true,"href":"https:\/\/www.motorkarizhabri.cz\/index.php?rest_route=\/wp\/v2\/pages\/402"}],"wp:attachment":[{"href":"https:\/\/www.motorkarizhabri.cz\/index.php?rest_route=%2Fwp%2Fv2%2Fmedia&parent=1139"}],"curies":[{"name":"wp","href":"https:\/\/api.w.org\/{rel}","templated":true}]}}